{"id":387,"date":"2025-03-16T16:14:28","date_gmt":"2025-03-16T15:14:28","guid":{"rendered":"https:\/\/psychotherapie-natter.de\/?page_id=387"},"modified":"2025-03-16T21:51:32","modified_gmt":"2025-03-16T20:51:32","slug":"infos-fur-privatpatientinnen","status":"publish","type":"page","link":"https:\/\/psychotherapie-natter.de\/?page_id=387","title":{"rendered":"Private KV"},"content":{"rendered":"\n<h3 class=\"wp-block-heading\" style=\"font-size:24px\">Informationen f\u00fcr privatversicherte Personen (mit\/ohne Beihilfe):<\/h3>\n\n\n\n<p>Bevor Sie einen Termin in einer privaten Praxis vereinbaren, kl\u00e4ren Sie bitte folgende Punkte mit Ihrer privaten Krankenversicherung\/Beihilfe, damit Ihnen sp\u00e4ter keine zus\u00e4tzlichen Kosten entstehen:<\/p>\n\n\n\n<div style=\"height:20px\" aria-hidden=\"true\" class=\"wp-block-spacer\"><\/div>\n\n\n\n<p>(1) Werden <strong>Sprechstunden <\/strong>(GOP Ziffer 812a &#8211; Analogziffer f\u00fcr Psychotherapeutische Sprechstunde &#8211; 25min) \u00fcbernommen und wenn ja, wie viele?<\/p>\n\n\n\n<p>(2) Werden <strong>Probatorische Sitzungen<\/strong> (GOP Ziffer 870 &#8211; Probatorik &#8211; 50min) \u00fcbernommen und wenn ja, wie viele?<\/p>\n\n\n\n<p>(3) Welche <strong>Unterlagen <\/strong>(z.B. Konsiliarbericht<strong>*<\/strong>, Gutachterbericht<strong>*<\/strong>) sind f\u00fcr den Antrag notwendig?<\/p>\n\n\n\n<p>(4) Wie viele <strong>Sitzungen <\/strong>(GOP 812a &#8211; Analogziffer f\u00fcr Psychotherapeutische Kurzzeittherapie &#8211; 25min; GOP 870 Langzeittherapie &#8211; 50min) werden (pro Jahr) \u00fcbernommen?<\/p>\n\n\n\n<p>(5) \u00dcbernimmt Ihre Versicherung die <strong>neuen Analogziffern*<\/strong>?<\/p>\n\n\n\n<div style=\"height:40px\" aria-hidden=\"true\" class=\"wp-block-spacer\"><\/div>\n\n\n\n<p><strong>*<\/strong> <strong>Konsiliarbericht<\/strong>: Diesen stellt Ihnen ihr Arzt\/ihre \u00c4rztin (haus\u00e4rztliche oder psychiatrische Praxis) aus. Dieser bescheinigt, dass eine \u00e4rztliche Abkl\u00e4rung erfolgt ist und derzeit keine Kontraindikationen f\u00fcr eine psychotherapeutische Behandlung bestehen.<\/p>\n\n\n\n<div style=\"height:10px\" aria-hidden=\"true\" class=\"wp-block-spacer\"><\/div>\n\n\n\n<p><strong>*<\/strong> <strong>Gutachterbericht<\/strong>: Dies ist ein Bericht, den der\/die PsychotherapeutIn, falls notwendig, f\u00fcr Ihre private Krankenversicherung\/Beihilfe erstellt.<\/p>\n\n\n\n<div style=\"height:10px\" aria-hidden=\"true\" class=\"wp-block-spacer\"><\/div>\n\n\n\n<p><strong>* Analogziffern:<\/strong> &#8220;seit dem 01.07.2024&nbsp;sind die gemeinsamen Abrechnungsempfehlungen und neuen Leistungen der Bundes\u00e4rztekammer, der Bundespsychotherapeutenkammer, dem Verband der Privaten Krankenversicherung und den Beihilfestellen von Bund und L\u00e4ndern zur Erbringung neuer psychotherapeutischer Leistungen nach GO\u00c4 und GOP in Kraft. F\u00fcr die neuen psychotherapeutischen Leistungen ist regelhaft der 2,3-fache Satz bzw. f\u00fcr die Diagnostikleistungen der 1,8-fache Satz angegeben. Es wurde unter den Verhandlungspartnern vereinbart, dass f\u00fcr die neuen Leistungen keine dar\u00fcber hinaus erh\u00f6hten Steigerungss\u00e4tze vorgesehen sind. Weiterhin wurde vereinbart, dass bei der Geb\u00fchrenordnungsposition (GOP) 812a Akutbehandlung und Psychotherapeutische Kurzzeittherapie sowie bei der GOP 870a erg\u00e4nzend auch ein aktueller psychischer Befund mit der GOP 801a erhoben und abgerechnet werden kann. Der psychische Befund kann ebenso auch neben den bisher angewandten GOP f\u00fcr die Einzelbehandlung GOP 861, GOP 863 und GOP 870 sowie f\u00fcr die entsprechenden probatorischen Sitzungen erhoben und abgerechnet werden.&#8221;&nbsp;(<a href=\"https:\/\/www.dptv.de\/im-fokus\/gop\/\">https:\/\/www.dptv.de\/im-fokus\/gop\/<\/a>)<\/p>\n\n\n\n<p>Hier finden Sie eine kurze \u00dcbersicht \u00fcber die neuen Analogziffern: <a href=\"https:\/\/api.bptk.de\/uploads\/Uebersicht_Analogleistungen_gemaess_Abrechnungsempfehlungen_B_Pt_K_B_Ae_K_PKV_Beihilfe_2024_07_01_5d59d963de.pdf\">https:\/\/api.bptk.de\/uploads\/Uebersicht_Analogleistungen_gemaess_Abrechnungsempfehlungen_B_Pt_K_B_Ae_K_PKV_Beihilfe_2024_07_01_5d59d963de.pdf<\/a><\/p>\n\n\n\n<p><\/p>\n","protected":false},"excerpt":{"rendered":"<p>Informationen f\u00fcr privatversicherte Personen (mit\/ohne Beihilfe): Bevor Sie einen Termin in einer privaten Praxis vereinbaren, kl\u00e4ren Sie bitte folgende Punkte mit Ihrer privaten Krankenversicherung\/Beihilfe, damit<\/p>\n","protected":false},"author":1,"featured_media":0,"parent":0,"menu_order":0,"comment_status":"closed","ping_status":"closed","template":"","meta":{"footnotes":""},"class_list":["post-387","page","type-page","status-publish","hentry"],"_links":{"self":[{"href":"https:\/\/psychotherapie-natter.de\/index.php?rest_route=\/wp\/v2\/pages\/387","targetHints":{"allow":["GET"]}}],"collection":[{"href":"https:\/\/psychotherapie-natter.de\/index.php?rest_route=\/wp\/v2\/pages"}],"about":[{"href":"https:\/\/psychotherapie-natter.de\/index.php?rest_route=\/wp\/v2\/types\/page"}],"author":[{"embeddable":true,"href":"https:\/\/psychotherapie-natter.de\/index.php?rest_route=\/wp\/v2\/users\/1"}],"replies":[{"embeddable":true,"href":"https:\/\/psychotherapie-natter.de\/index.php?rest_route=%2Fwp%2Fv2%2Fcomments&post=387"}],"version-history":[{"count":20,"href":"https:\/\/psychotherapie-natter.de\/index.php?rest_route=\/wp\/v2\/pages\/387\/revisions"}],"predecessor-version":[{"id":503,"href":"https:\/\/psychotherapie-natter.de\/index.php?rest_route=\/wp\/v2\/pages\/387\/revisions\/503"}],"wp:attachment":[{"href":"https:\/\/psychotherapie-natter.de\/index.php?rest_route=%2Fwp%2Fv2%2Fmedia&parent=387"}],"curies":[{"name":"wp","href":"https:\/\/api.w.org\/{rel}","templated":true}]}}